 g(h) = -h**3 - 28*h**2 + 61*h + 82. What is g(-30)?
52
Let d(h) = -25*h - 95. Determine d(-13).
230
Let f(w) = -9*w + 126. Calculate f(7).
63
Let y(a) = 15*a**3 - 89*a**2 - 89*a + 500. Determine y(6).
2
Let s(n) = n**3 + 21*n**2 - 3*n - 31. What is s(-21)?
32
Let q(k) = 7*k**2 - 52*k - 41. What is q(16)?
919
Let s(i) = i**3 + 12*i**2 - 166*i - 161. Give s(-20).
-41
Let l(k) = 131*k + 2061. What is l(-16)?
-35
Let c(w) = -10*w - 80. Give c(4).
-120
Let s(l) = -l**3 - 18*l**2 + 172*l + 13. Give s(7).
-8
Let i(x) = 34*x**3 + 274*x**2 - 6*x - 161. Calculate i(-8).
15
Let u(f) = f**2 + 38*f + 323. What is u(-17)?
-34
Let y(l) = l**2 + 14*l - 225. Calculate y(10).
15
Let l(y) = 3*y**2 + 3*y - 4. Determine l(1).
2
Let v(h) = -h**2 - 28*h - 159. Give v(-12).
33
Let s(v) = -v**3 - 6*v**2 + 43*v + 37. Determine s(5).
-23
Let y(z) = -9831*z + 108134. Give y(11).
-7
Let t(w) = 27*w - 591. Give t(16).
-159
Let b(v) = -4*v**3 + 112*v**2 + 660*v - 2. What is b(33)?
-2
Let a(l) = 4*l**3 + 17*l**2 - 7*l - 43. What is a(-4)?
1
Let d(z) = 811*z**2 - 25*z + 24. Give d(1).
810
Let y(h) = -4*h**2 - 2*h - 23. Determine y(-4).
-79
Let m(v) = -v**3 + 15*v**2 - 52*v + 215. Determine m(12).
23
Let a(t) = t**3 - 12*t**2 - 41*t - 91. Calculate a(15).
-31
Let d(a) = 7*a**2 - 106*a + 9. What is d(15)?
-6
Let l(r) = 22*r - 312. Give l(14).
-4
Let i(q) = -q**3 - 4153*q**2 + 29118*q - 8. Calculate i(7).
-22
Let o(v) = 245*v + 36259. Calculate o(-148).
-1
Let f(d) = d**2 - 109*d - 3339. Give f(134).
11
Let a(p) = p**3 + 20*p**2 + 65*p + 51. What is a(-16)?
35
Let y(c) = -15*c**3 + 57*c**2 - 63*c + 7. Give y(1).
-14
Let h(n) = -64*n - 4308. Determine h(-67).
-20
Let o(j) = j**2 + 1783*j - 23346. What is o(13)?
2
Let p(q) = 5*q - 113. Calculate p(24).
7
Let l(a) = 46*a**2 - 7*a. What is l(1)?
39
Let w(f) = -23*f + 233. Determine w(7).
72
Let t(o) = o**3 + 34*o**2 + 60*o - 18. What is t(-32)?
110
Let t(p) = -2*p**3 - 78*p**2 - 80*p + 34. What is t(-38)?
186
Let g(o) = -121*o - 581. Give g(-5).
24
Let q(p) = -157*p - 22. Calculate q(1).
-179
Let r(x) = -2*x**2 - 45*x - 175. Determine r(-18).
-13
Let t(c) = -c**2 + 24*c - 66. Determine t(6).
42
Let h(s) = -2*s**2 - 38*s - 84. Calculate h(-15).
36
Let z(v) = -2*v**3 - 6*v**2 + 10*v + 10. What is z(-4)?
2
Let r(n) = 401*n - 1078. What is r(3)?
125
Let p(r) = -63*r - 7690. Calculate p(-122).
-4
Let x(u) = 32150*u + 96447. Calculate x(-3).
-3
Let p(d) = -2*d**3 - 20*d**2 + 23*d + 22. What is p(-10)?
-208
Let t(n) = -99*n + 6010. Give t(60).
70
Let g(j) = -96*j**2 - 479*j - 14. Calculate g(-5).
-19
Let o(q) = 30*q**2 + 371*q - 1384. Determine o(3).
-1
Let o(u) = u**3 + 136*u**2 + 401*u + 262. What is o(-133)?
-4
Let f(y) = 9*y**3 + 396*y**2 + 5. Determine f(-44).
5
Let p(c) = 2*c**3 + 22*c**2 - 27*c + 24. What is p(-12)?
60
Let m(d) = -14*d**2 - 130*d - 24. What is m(-12)?
-480
Let c(u) = -u**3 + 3*u**2 + 212*u + 54. Give c(-13).
2
Let f(v) = 2*v**2 - 14*v - 1082. What is f(-20)?
-2
Let a(n) = 4*n**2 + 36*n - 56. What is a(-13)?
152
Let i(z) = 4*z**2 - 124*z + 376. Determine i(3).
40
Let y(a) = -66*a + 8850. What is y(134)?
6
Let g(c) = -19*c**2 + 5*c - 3. What is g(2)?
-69
Let b(v) = v**3 + 43*v**2 - 45*v - 19. Give b(-44).
25
Let x(o) = o**3 - 6*o**2 - 3*o - 14. Determine x(7).
14
Let r(m) = -6*m**2 + 269*m - 179. Give r(44).
41
Let c(y) = y**3 + 143*y**2 - 288*y + 288. Give c(-145).
-2
Let u(s) = 30*s**2 - 4*s - 3. Calculate u(-1).
31
Let x(y) = -3*y**2 - 37*y - 25. Give x(-17).
-263
Let w(f) = -f**2 + 171*f - 1628. What is w(161)?
-18
Let j(u) = 33*u + 526. Determine j(-16).
-2
Let b(w) = 33*w - 349. Calculate b(10).
-19
Let f(d) = -55*d + 357. Give f(7).
-28
Let y(i) = -525*i - 3579. Determine y(-7).
96
Let w(f) = 8435*f + 75912. Give w(-9).
-3
Let t(u) = -449*u + 1748. What is t(4)?
-48
Let p(z) = -z - 35. Calculate p(25).
-60
Let l(a) = -58*a - 2. Determine l(4).
-234
Let v(d) = -142*d - 5816. What is v(-41)?
6
Let z(y) = -y**2 - 92*y + 1218. What is z(12)?
-30
Let f(l) = 41*l - 865. Determine f(21).
-4
Let j(k) = 515*k + 137495. Give j(-267).
-10
Let x(o) = 5*o**2 - 17*o + 51. Determine x(6).
129
Let i(s) = -37*s - 612. What is i(-27)?
387
Let a(u) = 5*u + 63. Calculate a(11).
118
Let a(q) = -2234*q + 4460. Give a(2).
-8
Let i(m) = m**2 - 157*m - 4983. Calculate i(-27).
-15
Let m(c) = -47*c + 621. What is m(13)?
10
Let h(b) = 6*b**2 - 30*b + 116. Calculate h(3).
80
Let y(u) = -16*u**2 - 11*u - 46. Give y(-3).
-157
Let s(r) = -r**2 - 115*r - 1642. Calculate s(-98).
24
Let y(d) = 2*d**3 + 17*d**2 + 17*d + 58. Calculate y(-8).
-14
Let d(r) = -390*r - 1566. What is d(-4)?
-6
Let y(l) = l**2 - 370*l - 4433. Calculate y(-12).
151
Let z(p) = 2*p**2 + 207*p + 413. Calculate z(-2).
7
Let c(g) = -3483*g - 17431. Give c(-5).
-16
Let n(q) = 2*q**2 - 389*q - 2204. Determine n(200).
-4
Let p(g) = g**3 - 7*g**2 + 104*g - 733. Give p(7).
-5
Let a(k) = -k**3 + 92*k**2 - 2*k + 194. What is a(92)?
10
Let o(q) = 42*q - 1888. Determine o(45).
2
Let z(k) = -3*k**3 + 6*k**2 + 81*k + 34. Determine z(-4).
-2
Let t(x) = -76*x + 5390. Calculate t(71).
-6
Let y(i) = -i**2 + 66*i - 840. Calculate y(54).
-192
Let w(a) = -168*a + 338. Determine w(2).
2
Let x(n) = n**2 - 61*n - 1138. Give x(76).
2
Let w(q) = q**3 - 36*q**2 + 29*q + 147. Calculate w(35).
-63
Let d(i) = -2*i**3 - 20*i**2 - 20*i - 9. Determine d(-9).
9
Let i(l) = l**2 - 29*l + 211. What is i(9)?
31
Let i(n) = -767*n + 6135. What is i(8)?
-1
Let l(b) = -32*b - 1747. Calculate l(-55).
13
Let q(o) = -41*o + 280. Determine q(6).
34
Let k(a) = 67*a**3 - 3*a**2 + 26*a - 24. What is k(2)?
552
Let l(y) = y**3 - 89*y**2 - 84*y - 540. Give l(90).
0
Let j(y) = -222*y**2 + 2214*y + 55. Give j(10).
-5
Let r(d) = 2*d**3 - 14*d**2 + 53*d + 9. Determine r(5).
174
Let m(v) = 1972*v + 65077. Calculate m(-33).
1
Let w(k) = 13*k - 22. Determine w(7).
69
Let s(b) = -3*b**3 + b**2 - 22*b - 37. Calculate s(-2).
35
Let a(v) = v**2 + 61*v + 310. Calculate a(-5).
30
Let n(x) = 2*x**2 + 49*x - 166. Give n(-27).
-31
Let b(a) = 5*a + 73. What is b(-13)?
8
Let r(v) = -485*v + 14064. Determine r(29).
-1
Let u(d) = 14*d**3 - 198*d**2 + 24*d + 59. What is u(14)?
3
Let u(l) = -2704*l - 13491. What is u(-5)?
29
Let x(b) = -b**3 - 3*b**2 - 14*b + 33. Calculate x(3).
-63
Let l(s) = -s**3 - 22*s**2 - 17*s + 120. Give l(-21).
36
Let u(c) = -c**2 - 17*c - 24. Give u(-13).
28
Let h(d) = d**3 + 47*d**2 - 198*d - 14526. Give h(-44).
-6
Let s(i) = -185*i - 726. Determine s(-4).
14
Let v(u) = 3*u**3 - 31*u**2 - 53*u + 24. Determine v(12).
108
Let z(d) = -d**3 + 3*d**2 - 20*d + 19. Calculate z(1).
1
Let n(o) = 26*o - 71. Calculate n(-4).
-175
Let b(f) = -93*f - 71. What is b(-3)?
208
Let u(g) = 77*g + 143. What is u(5)?
528
Let l(f) = -f**3 + 22*f**2 + 47*f - 17. What is l(24)?
-41
Let o(t) = -14*t - 2499. Give o(-178).
-7
Let l(w) = -w**3 - 11*w**2 - 37*w + 20. Calculate l(-7).
83
Let p(i) = 13*i + 147. Calculate p(-12).
-9
Let t(a) = -45*a - 45. Give t(-3).
90
Let a(o) = o**2 - 45*o + 45. Determine a(43).
-41
Let x(g) = 8*g**3 + 816*g**2 + g + 75. Determine x(-102).
-27
Let d(u) = -285*u + 4905. Calculate d(17).
60
Let b(t) = -3*t**2 - 165*t + 13. Calculate b(-55).
13
Let w(b) = 5*b**2 - 95*b + 6. What is w(16)?
-234
Let b(g) = -17*g + 1341. Give b(65).
236
Let l(v) = 30*v - 635. What is l(21)?
-5
Let s(j) = 12*j**3 - j**2 + 3*j - 6. What is s(2)?
92
Let k(w) = 20*w**2 - 1540*w - 145. Calculate k(77).
-145
Let m(o) = -2*o - 56. What is m(-23)?
-10
Let m(g) = g**3 - 32*g**2 + 94*g - 173. What is m(29)?
30
Let c(f) = -f**3 - 28*f**2 + 4*f + 277. Calculate c(-28).
165
Let s(z) = 6*z**3 - 27*z**2 + 20*z - 30. Calculate s(4).
2
Let h(j) = -10*j**2 + 4*j - 6. Give h(-6).
-390
Let l(u) = -1153*u + 15102. Determine l(13).
113
Let c(o) = 5*o**2 - 110*o + 303. Calculate c(3).
18
Let p(l) = -4*l**3 - 3*l**2 + 1. Determine p(-2).
21
Let q(d) = 57*d + 86. What is q(4)?
314
Let s(y) = -2*y**3 - 9*y**2 - 11*y + 7. Determine s(-5).
87
Let u(t) = -89*t + 1712. Determine u(20).
-68
Let j(i) = 30*i + 285. What is j(-10)?
-15
Let n(l) = l**3 - 107*l**2 + 1993*l - 5. Determine n(83).
78
Let w(n) = 7*n**3 - 134*n**2 + 19*n - 16. Give w(19).
-16
Let x(p) = p**3 + 19*p**2 + 19*p + 40. What is x(-18)?
22
Let n(v) = -87*v - 741. Calculate n(-11).
216
Let l(r) 